-2*v**3 - 6*v**2 + 9. Let q(z) = -3*z**3 - 9*z**2 + 13. Let b(k) = -7*d(k) + 5*q(k). Give b(-3).
2
Let s(w) = -w + 1. Let q(g) = g**2 - g. Let y be q(2). Suppose y = -u - 1. Give s(u).
4
Let n(h) = -6*h**2 + 1. Suppose 0 = 4*w - 8 - 12. Suppose -5*s - k + 0*k + 4 = 0, w*s = 3*k + 8. What is n(s)?
-5
Suppose -x - 2*r - 20 = -7*r, 5*x - 3*r = -12. Let z(g) = 0*g + g**2 + x*g + 2 + 5*g. Calculate z(-5).
2
Let u(w) = -3*w**2 + 18*w**2 - 1 + w + 0. Calculate u(1).
15
Let l(y) = y**3 + 4*y**2 - 4*y - 2. Suppose 3*o + 31 = -5*n, -5*n + 2*n = o + 17. Calculate l(n).
-7
Let i(q) = -q**2 - 4*q. Suppose 2*v + 18 = 48. Let g be (-2)/(6/v + 0). What is i(g)?
-5
Suppose -5 - 3 = -4*w. Let t(s) = -s**2 + 1 - s**2 - 2*s**w. What is t(1)?
-3
Let f(b) = -b**2 - b - 1. Let w(p) = -3*p**2 - 4*p - 6. Let m(t) = 4*f(t) - w(t). Calculate m(3).
-7
Let g(d) = -d**3 + 2*d - 1. Let u be g(1). Let i(n) be the third derivative of -n**4/24 + n**3/3 - 33*n**2. Calculate i(u).
2
Let u = -11 - -18. Let w(m) = -m**3 + 8*m**2 - 5*m - 10. Determine w(u).
4
Let j(m) be the third derivative of -3*m**2 + 0*m - 1/6*m**3 - 1/360*m**6 - 1/24*m**4 - 1/24*m**5 + 0. Let o(y) be the first derivative of j(y). What is o(-4)?
3
Let y(d) = d**3 - 5*d - 1 + 0*d**2 - 2*d**2 - d**2 - 1. Suppose 4*l + 4*i = 28, -3 = -3*l + 5*i - 2*i. Determine y(l).
-6
Let t(p) be the third derivative of p**4/6 + p**3/2 - 7*p**2. Calculate t(-3).
-9
Let y(b) = -b**3 - 4*b**2 + 7*b + 7. Let f be 47/(-9) + 42/189. What is y(f)?
-3
Let p(k) = k**2 + 4*k + 3. Let d = 14 + -18. Let r(m) = -m**3 - 4*m**2 - 5. Let y be r(d). Determine p(y).
8
Let k(g) = 8*g**2 - 7*g + 8. Let t(y) = -7*y**2 + 6*y - 7. Let v(l) = 5*k(l) + 6*t(l). Determine v(2).
-8
Let o(x) = -3*x + 5*x - 5*x. Let u(f) = -f + 1. Let a be u(-1). Suppose -a*w + 0*y = 4*y - 8, -5*y = 3*w - 9. Give o(w).
6
Let b(d) = d**3 - 5*d**2 + 6*d - 1. Let g(w) = w**2 + 5*w + 4. Let i be g(-5). Suppose 0 = -i*h + 16, 2*l + 2*l + 4*h = 112. Suppose 4*q + 8 = l. What is b(q)?
7
Let y be 1/((-3)/78) + -1. Let u be 21/y + 2/(-9). Let i(a) = -1. Let s(q) = -6*q**3 + q**2 + 1. Let g(b) = -i(b) - s(b). Give g(u).
-7
Suppose -14 = 4*j + 22. Let k(a) = -a - 4. Give k(j).
5
Suppose -4*f + 15 = f. Let z(w) = w**2 - w + 1. Give z(f).
7
Let c(a) = 4*a**2 - 5. Let r(y) = 4*y**2 + y - 4. Let u(o) = 3*c(o) - 4*r(o). Let t(j) = -3*j**2 - 4*j + 1. Let p(f) = -6*t(f) + 5*u(f). What is p(3)?
-7
Let i(m) = -m**3 - 2*m**2 + 5*m + 4. Let l be (1/(-2))/(6/48). What is i(l)?
16
Let i(b) = -b**2 - 12*b + 4. Let k be (-11 - -5 - -5)*11. Calculate i(k).
15
Let w(m) = -2*m**2 - 17*m + 13. Let d(x) = -x**2 - 8*x + 7. Let n(v) = 7*d(v) - 3*w(v). What is n(-7)?
-4
Suppose 4*k - 8 = 2*k. Let q(m) = k + 2*m + 4*m - 5*m + 0*m. Calculate q(-4).
0
Let z(j) = -j + 2*j + 0*j. Suppose -9 = 4*h + 15. Calculate z(h).
-6
Suppose 10 + 25 = -5*v. Let w(x) = x**3 + 8*x**2 + 7*x. Calculate w(v).
0
Let k(v) be the third derivative of -v**5/60 + v**4/6 + v**3/2 + 3*v**2. Give k(-2).
-9
Let f be (-3 - (2 + -2)) + 9. Let d(z) = -5*z**2 - 4*z - 26. Let s(p) = -2*p**2 - p - 9. Let y(o) = -3*d(o) + 8*s(o). What is y(f)?
-6
Let l(k) = -k**3 - k - 1. Let q(s) = 4*s**3 - 2*s**2 + 12*s + 10. Let w(u) = -5*l(u) - q(u). Calculate w(-4).
-9
Let s = 3 - 2. Let c(i) = -6*i**2 - 1. What is c(s)?
-7
Let v(x) = x - 1. Let f = 11 - 8. Suppose -2*d + 2*n - f = n, -2*n = 2*d. Let t = d + 6. What is v(t)?
4
Let c(d) be the second derivative of -d**5/20 - 3*d**2/2 + d. Let q be c(0). Let a(p) = -p - 7. What is a(q)?
-4
Let v(n) = -2*n - 2. Let y be v(-1). Let h(f) = f**2 + f - 1. What is h(y)?
-1
Let g(v) = 6*v**3 + v**2. Let y = 2 + -3. Let a be g(y). Let f(r) = -2*r + 4*r - 4 + 7. Give f(a).
-7
Let j be (-3)/(135/(-40) - -3). Let o(v) = -v**2 + 7*v + 3. What is o(j)?
-5
Let o(j) = 5*j - j**3 - 2*j**2 - 2 - 4 + 6*j**2. Suppose 5*l + 39 = -1. Let r = l + 13. Determine o(r).
-6
Let x(b) = 3*b**2 + 2 - 5*b + 0*b - 2*b**2. Suppose 6 = 3*h - 6. Give x(h).
-2
Let i be (-4)/18 + (-32)/18. Let d = 1 - -1. Let j(t) = 2 - 2*t**2 - 4*t + 0*t**d - 4. Determine j(i).
-2
Suppose -5*q + 3 = 3*z + z, 5*z + 3 = -4*q. Let c(d) = -d + 2. What is c(z)?
5
Suppose -4*d + 2*m = -0*m + 82, -d - 43 = -5*m. Let p = -26 - d. Let y = 6 + p. Let c(b) = -b**3 - 2*b**2. Calculate c(y).
0
Let f(a) = -2*a + 1. Let l(d) = -3*d + 2. Let g(y) = 7*f(y) - 3*l(y). Give g(3).
-14
Suppose 0 = -n + 5 - 2. Let o(k) = -2*k**2 - k**2 + 3*k**2 + n*k**2 - k. What is o(1)?
2
Let i(q) = q**2 + 7*q + 1. Let g be (-13)/39 + 34/(-6). Calculate i(g).
-5
Let o(s) = -s**2 - 17*s - 9. Let i be o(-16). Let d(w) = -w**2 + 7*w + 6. Give d(i).
6
Let q(x) = -x**2 + 7*x + 9. Let o be q(8). Suppose -3 = -3*a - 3*z, 5*z - o = -3*a + 4*z. Let c(k) = k**2 - 6. Calculate c(a).
-6
Let b(i) = -i**3 + 7*i**2 - 6*i + 8. Suppose -12*z + 3*z + 54 = 0. Give b(z).
8
Let u(x) be the first derivative of -x**3 - 3*x**2/2 - x + 21. What is u(-2)?
-7
Let w(l) be the first derivative of -2*l**2 + 1/6*l**3 + 1 - l. Let o(n) be the first derivative of w(n). Give o(4).
0
Let b(a) = 9*a**3 + 3*a**2 + 2*a. Suppose 7*t - 2*t - 20 = 0. Let h(n) = t*n + n + 14*n**3 + 12*n**3 + 8*n**2. Let o(g) = 8*b(g) - 3*h(g). Give o(-1).
5
Let f = 13 + -10. Suppose -28 + 10 = -f*z. Let l(c) = c**3 - 6*c**2 - c + 2. What is l(z)?
-4
Let n(u) = -u**3 - 4*u**2 - u - 2. Let j be (-195)/(-27) + (-4)/18. Let l(s) = s**3 - 8*s**2 + 6*s - 2. Let f be l(j). Let d = f + 5. Determine n(d).
2
Let s(z) = -z + 2. Let o(c) = -9*c + 3. Let v(q) = -4*q + 1. Let j(l) = 6*o(l) - 13*v(l). Let f(w) = 2*j(w) - 5*s(w). Determine f(1).
1
Let d be 3 - (1 - 10)/3. Let h(z) = d*z**2 - z**3 - z**3 - 11*z**2 + 2 + 7*z**2. Calculate h(2).
-6
Let a(f) be the first derivative of -1/2*f**2 - 1/3*f**3 + 1/4*f**4 + 4 - 8*f. Calculate a(0).
-8
Suppose -111 = -5*b + 14. Suppose -f + b = 4*f. Suppose 10*y = f*y. Let d(r) = -r + 8. What is d(y)?
8
Let d(v) = 14*v**2 + 11*v - 2. Let n(y) = 7*y**2 + 6*y - 1. Let x(w) = 6*d(w) - 11*n(w). Let b be x(1). Let i(r) = -r**2 + 7*r - 9. What is i(b)?
-3
Let b(x) = -x**2 + 6*x - 4. Let r be b(6). Let f(h) be the second derivative of h**5/20 + h**4/3 + h**3/3 + 2*h**2 - 3*h. Calculate f(r).
-4
Let m(w) = -w**3 - 2*w - 1. Let f be m(-1). Let z be -1*1/f*10. Let c(n) = -n**3 - 4*n**2 + 3*n - 2. Determine c(z).
8
Let w(m) = 4*m**3 - 2*m**2 + 3*m + 7. Let o(x) = 5*x**3 - 2*x**2 + 4*x + 8. Let z(p) = -5*o(p) + 6*w(p). Calculate z(-2).
6
Let w(m) be the third derivative of m**5/60 - m**4/6 - 2*m**2. Let l be w(5). Suppose l*h - z = -0 - 11, -h = -3*z - 9. Let k(t) = t**2 + 4*t - 4. Give k(h).
-7
Let n be 16/(-40)*25/(-10). Let w(q) = 0*q - 3*q + 5*q. Calculate w(n).
2
Let w(p) = -2*p**3 + 19*p**2 - 17*p - 21. Let h(t) = -t**3 + 10*t**2 - 9*t - 11. Let z(i) = -5*h(i) + 3*w(i). Give z(6).
-8
Let y(r) = 17*r**2 - 36*r**2 + 2 + 20*r**2 + 3*r. What is y(-2)?
0
Let h = 2 - -1. Suppose -2*m = g + h*m + 25, -g + 2*m = -10. Suppose g*j + 4*j = 0. Let q(v) = -v + 6. Determine q(j).
6
Let w = -4 - -7. Suppose -3*u - 6 + w = 0. Let n(b) = b**3. What is n(u)?
-1
Suppose -3 = -2*a - 1. Let m(q) = -9 + 0*q + 7*q**2 + q**3 + a + 6*q. What is m(-6)?
-8
Suppose -3*r + 5 = -2*y, -r + 5*y - 3 = 2*y. Let u(s) = -s**3 - s**2 + 4*s - 1. Let d be u(-3). Let j = d - r. Let x(i) = -i**3 + 3*i**2. What is x(j)?
4
Let y(r) = -r**3 - 5*r**2 - r + 1. Let k(o) = o - 4. Let h(g) = g - 7. Let q be h(7). Let l be k(q). Give y(l).
-11
Let n(k) = -k**2 - 9*k + 8. Let g be n(-10). Let y(i) be the first derivative of i**4/4 + i**3/3 - i**2 + i + 1. Give y(g).
1
Suppose -6*u + 2*u = -20. Let v(i) = 5*i + 6. Let w(o) = o + 1. Let p(x) = -v(x) + 4*w(x). Give p(u).
-7
Suppose -2*m + c = -4*c - 20, 3*c + 12 = 0. Suppose -3 + m = -b. Let h(s) = s**3 - 2*s**2 + 2*s - 4. Give h(b).
11
Let f(p) = -p**2 + 2*p + 6. Let t(o) = 3*o**2 - 8*o + 2. Let n be t(3). What is f(n)?
-9
Suppose -4*s - 5*q + 25 = -9*s, s + 3*q + 17 = 0. Let j = s - -13. Let y(o) = -o + 5. Calculate y(j).
0
Let r(d) = d - 2. Let h(q) = 2*q - 3. Let g(z) = -3*h(z) + 5*r(z). Calculate g(4).
-5
Let c(s) = -s**2 + 7*s - 2. Suppose 86*u + 25 = 91*u. What is c(u)?
8
Let c(d) be the second derivative of d**3/6 - 3*d**2/2 + 6*d. Give c(0).
-3
Let w(j) = j**2 + 11*j + 13. Suppose 36 = 5*o - 9*o. Calculate w(o).
-5
Let q(f) = -f